-57 + 18 + 6 + 17.
-16
Calculate (14 - 110) + 40 + 54.
-2
Calculate -16 + (81 - ((22 - 37) + 30 + -23)).
73
What is the value of 55 - (-39 - (-35 + -14 - -29))?
74
What is the value of -2 + 21 + 22 + (-6 - 43) - (1 + 75)?
-84
43 - (-68 - (-52 - 45))
14
36 + 2 + (-9 - -43 - 11 - 11)
50
-97 + (81 - 74) + 51
-39
Evaluate (304 - 319) + (71 - -4) + (-8 - -1).
53
What is the value of (-16 - 0) + -22 + -51 + 134?
45
Evaluate -8505 + 8447 - (-107 - 1).
50
(5 + (-15 - -65) - -2) + -31
26
Calculate -194 + 242 - ((5 - -3) + 4).
36
-50 + 7 - (-12 - (-3 - 21))
-55
Calculate -9 + 11 + -7 + 13 - (0 - 4).
12
Calculate (-78 - (32 - 103)) + (5 - 0).
-2
Evaluate 6 - -2 - (-660 + 669).
-1
(45 - 64) + (-5 - (-75 - -10))
41
-35 + (88 - 28) + -21 + (-2 - 14) + 1
-11
Evaluate (-21 + 9 - 8 - (-13 + (-5 - -5))) + -37.
-44
Evaluate -77 + (-20 - -91) + 71.
65
What is the value of (10 - 0 - (0 + 5)) + -9 + -48 - -1?
-51
Calculate -46 - (96 + -261) - 95.
24
What is 87 + -15 + 11 + (103 - 118) + 1 + 9?
78
55 + -1 + 13 + -67 + 162 + -106
56
Evaluate 83 + -5 + -17 + (-14 - 2).
45
Evaluate -85 - ((12 + -2 - (7 + 6)) + -4 + 0).
-78
What is (0 + 0 + -3 - (-10 + 13)) + (2642 - 2651)?
-15
What is the value of 3 - (-127 + (-33 - -151))?
12
Calculate 20 + (6 - 17) + -13 - ((-81 - -2) + 2).
73
Evaluate -14 + (33 - (3 + 11)) + 20.
25
Evaluate 57 + (-30 + 18 - -21 - 30).
36
What is the value of (8 - 0) + (39 - (93 + -27)) + -1 + -11?
-31
What is -61 + (1 + 7 - (-899 - -919))?
-73
Calculate 11 - (8 + 16 + 11 + -65).
41
Evaluate 50 - (9 + -36 + 39).
38
What is 4 + -18 + 16 + (-31 - (20 - 36))?
-13
Evaluate 82 - 8 - (16 + -18) - (10 - (3 + -2)).
67
What is the value of 38 + -88 - -22 - (3 + 19)?
-50
What is the value of -3583 + 3624 + (-56 - 1)?
-16
What is -4 - 68 - (-3 + 1 - (13 + -5 - 3))?
-65
What is the value of 2 - (-34 + -25) - 41?
20
What is 4 + 13 + -14 + (42 - -15 - 15)?
45
131 + -3 - (-1668 - -1671)
125
Evaluate (9 - -12 - -1) + 3 - 0 - 5.
20
What is 16 + -27 + 13 + 3 + 121?
126
-3639 + 3597 + -12 + 1
-53
Evaluate 27 - (-15 - 28) - 13.
57
237 - 263 - (3 - (-6 - 9))
-44
What is the value of 63 - (134 + (-75 - -9))?
-5
Evaluate -66 - 0 - (155 + -160) - -13.
-48
What is 0 + 2 + 29 - (2220 - 2245)?
56
Evaluate (18 + -50 - -26) + -10 - 29.
-45
What is the value of 48 + (3 + -51 - (-50 + 24))?
26
Evaluate -14 + (-40 - (27 - 75)).
-6
What is (-50 - -1) + (-11 - (-9 + -11) - -7) + -25?
-58
(-5 - (-11 + 16)) + 177 + -235
-68
What is the value of 100 - (45 + 41) - (-1 - 29)?
44
Calculate (59 - (73 - -54)) + 0.
-68
What is 1 + -62 - (2683 + -2685)?
-59
What is the value of (-3 - (-12 - (-11 - (-16 - -7)))) + 27 - 1?
33
What is the value of -112 - (-30 + -58 - -10)?
-34
Calculate 36 - (273 + -232 - (1 - -14)).
10
Evaluate 69 + ((-28 - 6) + 19 - (-2 + -1 + -3)).
60
Calculate 14 - (32 - (-8 + 58 + -7)).
25
What is the value of (-7 - (-52 + 1)) + -79 + 89?
54
What is the value of ((0 - 7) + 2 + 8 - 2) + 33?
34
What is (82 + 6 - 30) + -9 - -4?
53
Calculate -3 + 0 + -26 + (3 - 3 - 10).
-39
Calculate (-38 - (37 + -10 - 12)) + 19.
-34
Calculate (85 + -172 - -89) + (-1 - -3).
4
-43 - (24 - -25 - 92 - -128)
-128
What is the value of -348 + 255 - -52 - (1 + -38)?
-4
-32 + 39 - 5 - (-5 - (4 + 0 + -21))
-10
What is the value of 11 + (87 - (90 - -68))?
-60
What is (-18 - -33) + 9 + (-16 - -3)?
11
What is -19 + (-28 - -51 - 27)?
-23
Evaluate -15 - (-19 + 1 + 1) - (25 - (-4 - -1)).
-26
Evaluate 11 + -21 + (-37 + 4 - -2).
-41
Evaluate (564 - 580) + -3 + 6 + 43.
30
Calculate (46 - (0 + -1)) + -4 + (-11 - -4) + 9.
45
Calculate 0 - 1 - -6 - ((-87 - 0) + (-1138 - -1173)).
57
What is the value of 24 + (2 - -4) - (-162 + 128)?
64
What is 34 + (-20 - 1) + 2075 + -2070?
18
Calculate (6 - (34 + -46 + (5 - -16))) + -19.
-22
Evaluate (42 + -18 - -11 - 5) + -23.
7
Evaluate -75 + 10 + 21 - -2.
-42
Evaluate -4 + -4 - (-34 + -9 + 27 - (-10 + -4)).
-6
1 - 3 - (-10 + 10) - 2 - 28
-32
Calculate 103 - (-1 + 7 + (7 - -22 - 44)).
112
What is the value of 134 - (42 + (67 - 72))?
97
What is the value of -1 + -55 - (-235 + 511 - 294)?
-38
Evaluate 8 - (73 + 0 + 24 + 21 + -18 + -17).
-75
Calculate 59 + -3 + -15 + 4 + (-152 - -159).
52
Calculate -2 + (2 - (-25 - -21)) + 1.
5
(-16 - -1) + (-39 - (-92 + -6))
44
What is 265 + -216 - (-4 - -27)?
26
42 - (-4 + -52 - -1) - (7 - 2)
92
What is 42 + 0 + 14 + (-43 - -10) + 29?
52
What is -83 + 4 + (-58 - -62) + -10 + 17?
-68
Calculate 1 - 30 - (-1729 + 1634).
66
What is -23 - (12 + (-21 - -29) + -98) - 3?
52
Evaluate -100 - ((99 - 89) + -104).
-6
What is 0 + -40 + -12 + 29?
-23
Calculate 104 - 106 - (4 + -133).
127
What is the value of -1 - 25 - -1 - (-2889 + 2907)?
-43
Evaluate -4 + 67 + 1 + 2 + (-6 - 4) + 11.
67
Calculate 5 + -8 + 19 - -2 - (-302 - -286).
34
(1 - -98) + (12 - 18 - -33 - (34 + -14))
106
Evaluate 5 + 13 + (12 - 8) + 19.
41
What is the value of (12 - -50) + (-452 - -314)?
-76
What is -30 + 90 + -118 + (-26 - 3)?
-87
Evaluate 5 - (4 - 2) - (-11 + (-1 - 19) + 27).
7
Evaluate (728 - 863) + (38 - 7).
-104
Calculate (15 + -22 - 8) + 62.
47
What is 48 + -56 - (4 - -3) - -30?
15
Calculate 769 + -784 + (-21 - (-2 + 1)) - (3 - 8).
-30
What is 6 + 0 - (-13 + (6 + 11 - (-9 + -52)))?
-59
What is -10 + (0 - (9 + -14 + 13) - 52)?
-70
Evaluate 68 - (-20 + (24 - -34 - 14)).
44
Calculate -90 + 44 - (-49 + -25).
28
Evaluate 38 + (14 - 12) - (-8 + (8 - 24)).
64
What is the value of 131 - ((73 - (-26 - -64)) + -13)?
109
Evaluate (-5 - 0) + -49 + -13 - (-2 + (-25 - -36)).
-76
What is the value of (-4 - -17) + -64 + 98?
47
What is the value of (-70 - -51 - -206) + -54?
133
What is the value of (47 - (-6 + 9)) + (-2 - 13 - -18 - 2)?
45
8 - ((17 - 1) + -6 + 32)
-34
What is the value of -4 - (1 - -2 - 34) - (35 + -19 + -5)?
16
Evaluate 582 + 406 + -980 - (0 - (-1 - (-1 - -72))).
-64
What is 1 + -3 - -9 - ((46 - 55) + 33 + -34)?
17
What is the value of 18 + -16 - (-1 - 9) - (0 + (11 - 4))?
5
1 - -1 - 18 - (2870 - 2860)
-26
What is the value of (2 - -2) + (12 - 4) + -10?
2
59 - (67 - (53 + 28))
73
-6 + 18 + (-7 - 5) + (-11 - -15)
4
What is 30 + -6 + -1 - -25 - 20?
28
What is -4 + 1 + (96 - 41 - 43)?
9
What is -4 - 11 - -6 - (7 + (-59 - 10))?
53
(1 + -20 - -2) + -46 + 42 + -8
-29
(-1 + 0 - (0 - -3)) + 2140 + -2156
-20
-1 + 3 - ((42 - 62) + 45)
-23
Evaluate -7 - (15 + -59 - (13 - -36)).
86
Calculate -16 + (8 - 6) - -19 - 2 - (32 + 4).
-33
What is -31 + 27 + -13 + -3 + (-1 - 14)?
-35
What is the value of (-17 - 3) + -416 + 437?
1
What is -24 - (-117 - -77) - ((3 - 7) + 4)?
16
What is (43 - -4) + (2 - 68)?
-19
What is the value of -2 + 120 + (8 - -11 - (1 - -22))?
114
What is (-131 - -65) + 41 + (129 - 1)?
103
Calculate -1501 - -1475 - (0 - 20).
-6
What is the value of 53 + 69 + -77 + 25?
70
Evaluate (-200 - -98) + 89 - 65.
-78
Calculate 5 + -1 - (0 + 2) - (3882 - 3889).
9
-82 + (123 - 33) + -1 + 13
20
What is 16 + (-29 - ((40 - 26) + 0))?
-27
Evaluate (3 - (2 + -4 + 6 + 8)) + -1 + 54.
44
Evaluate 7 - (-18 + 20) - (-1 - 0) - (25 - 16).
-3
What is 0 - (-131 + 165 - (0 + 3 + 11))?
-20
What is the value of -65 + 31 - (-2 - (-4 - 3) - -3)?
-42
Calculate (-2 - (0 - 0 - 26)) + -2814 + 2802.
12
What is -45 + (-22 - (-98 + 5))?
26
What is the value of 18 + 11 - (88 - 82)?
23
Evaluate -11 + 23 + 1 + (71 - (-12 - -4)).
92
(10344 - 10417) + (-1 - -101)
27
17 + -64 + 21 + -9
-35
What is the value of (25 + -32 + (5 - -4) - 13) + (-50 - 0)?
-61
145 + 101 + -166 - 73
7
Evaluate 2 - -17 - (-19 + -13 + -26).
77
What is the value of -22 - (-11 - (-8 + (10 - (10 + (14 - 12)))))?
-21
What is the value of 18 - (1 + 7 - 29 - -15 - -17)?
7
What is 1 + -9 - (20 - (39 + -18) - 39)?
32
What is the value of -29 + -34 + 131 + (9 - (2 - -2) - 19)?
54
Evaluate -58 - -49 - (-4 + 5 + 3 + -34).
21
Evaluate (0 - 7) + (-4 - -1 - (40 - 33)).
-17
What is (-65 - (-18 - 71)) + 1?
25
What is the value of 3 + 11 + 3 - (1882 - 1917)?
52
Calculate 0 + 6 + -10 - (-14 + (19 + -13 - -6)).
-2
What is the value of -18 + (-15 - 3 - -16) + 10 + (-14 - 2)?
-26
What is 8 + 4 + 1 + (-27 - (6 + (10 - 10)))?
-20
-42 - (13 - 41) - -56 - 32
10
Evaluate 222 - 217 - (-47 - 0) - (3 - 2).
51
Calculate 7 - ((-1 - 8) + 29 + -14).
1
-5 - (-1 + (-12 - -8)) - (-13 + 22 - -50)
-59
What is -1005 - -1026 - (1 - 5)?
25
Evaluate 43 + 11 + 24 + 5 + -24.
59
What is the va